{"id":5098,"date":"2021-12-21T17:03:00","date_gmt":"2021-12-21T15:03:00","guid":{"rendered":"https:\/\/www.opalineanimation.com\/Blog_Cie_Opaline\/?page_id=5098"},"modified":"2022-01-11T20:55:38","modified_gmt":"2022-01-11T18:55:38","slug":"confessions_magicien_fou_8","status":"publish","type":"page","link":"https:\/\/www.opalineanimation.com\/Blog_Cie_Opaline\/confessions_magicien_fou_8\/","title":{"rendered":"Confession d&rsquo;un magicien fou : 8"},"content":{"rendered":"<div id=\"pl-5098\"  class=\"panel-layout\" ><div id=\"pg-5098-0\"  class=\"panel-grid panel-no-style\" ><div id=\"pgc-5098-0-0\"  class=\"panel-grid-cell\" ><div id=\"panel-5098-0-0-0\" class=\"so-panel widget widget_moesia_action moesia_action_widget panel-first-child panel-last-child\" data-index=\"0\" >\t\t<section id=\"call-to-action\" class=\"action-area\">\n\t\t\t<div class=\"container\">\n\t\t\t\t<h3 class=\"widget-title\"><span class=\"wow bounce\">CONFESSION D&rsquo;UN MAGICIEN FOU : ACTE 7<\/span><\/h3>\t\t\t\t\t\t\t\t\n\t\t\t\t\t<div class=\"action-text wow zoomIn\">\n\t\t\t\t\t\tLes confessions sont de courtes histoires sorties de mon imagination !  Je les invente d\u00e9s que l&#039;envie s&#039;en fait sentir et esp\u00e8re vous distraire avec ! Bonne lecture !\t\t\t\t\t<\/div>\n\t\t\t\t\t\t\t\t\t\t\t<\/div>\n\t\t\t\t\t<style type=\"text\/css\">\n\t\t\t\t.action-area {\n\t\t\t\t    display: block;\t\t\t    \n\t\t\t\t\tbackground: url(https:\/\/www.opalineanimation.com\/Blog_Cie_Opaline\/wp-content\/uploads\/2021\/12\/magicien_fou.jpg) no-repeat;\n\t\t\t\t\tbackground-position: center top;\n\t\t\t\t\tbackground-attachment: fixed;\n\t\t\t\t\tbackground-size: cover;\n\t\t\t\t\tz-index: -1;\n\t\t\t\t}\n\t\t\t<\/style>\n\t\t\t\t\t\t\t\t\t\t\t\t\t\n\t\t<\/section>\t\t\n\t<\/div><\/div><\/div><div id=\"pg-5098-1\"  class=\"panel-grid panel-no-style\" ><div id=\"pgc-5098-1-0\"  class=\"panel-grid-cell panel-grid-cell-empty\" ><\/div><div id=\"pgc-5098-1-1\"  class=\"panel-grid-cell panel-grid-cell-mobile-last\" ><div id=\"panel-5098-1-1-0\" class=\"so-panel widget widget_sow-editor panel-first-child panel-last-child\" data-index=\"1\" ><div\n\t\t\t\n\t\t\tclass=\"so-widget-sow-editor so-widget-sow-editor-base\"\n\t\t\t\n\t\t><h3 class=\"widget-title\">\"Au feu !\"<\/h3>\n<div class=\"siteorigin-widget-tinymce textwidget\">\n\t<p style=\"text-align: justify;\"><a href=\"https:\/\/www.opalineanimation.com\/Blog_Cie_Opaline\/?attachment_id=5103\" rel=\"attachment wp-att-5103\"><img loading=\"lazy\" decoding=\"async\" class=\"alignleft wp-image-5103\" src=\"https:\/\/www.opalineanimation.com\/Blog_Cie_Opaline\/wp-content\/uploads\/2021\/12\/magicien_fou_7.jpg\" alt=\"\" width=\"435\" height=\"581\" srcset=\"https:\/\/www.opalineanimation.com\/Blog_Cie_Opaline\/wp-content\/uploads\/2021\/12\/magicien_fou_7.jpg 1508w, https:\/\/www.opalineanimation.com\/Blog_Cie_Opaline\/wp-content\/uploads\/2021\/12\/magicien_fou_7-225x300.jpg 225w, https:\/\/www.opalineanimation.com\/Blog_Cie_Opaline\/wp-content\/uploads\/2021\/12\/magicien_fou_7-766x1024.jpg 766w, https:\/\/www.opalineanimation.com\/Blog_Cie_Opaline\/wp-content\/uploads\/2021\/12\/magicien_fou_7-768x1026.jpg 768w, https:\/\/www.opalineanimation.com\/Blog_Cie_Opaline\/wp-content\/uploads\/2021\/12\/magicien_fou_7-1150x1536.jpg 1150w, https:\/\/www.opalineanimation.com\/Blog_Cie_Opaline\/wp-content\/uploads\/2021\/12\/magicien_fou_7-750x1002.jpg 750w, https:\/\/www.opalineanimation.com\/Blog_Cie_Opaline\/wp-content\/uploads\/2021\/12\/magicien_fou_7-400x534.jpg 400w, https:\/\/www.opalineanimation.com\/Blog_Cie_Opaline\/wp-content\/uploads\/2021\/12\/magicien_fou_7-430x575.jpg 430w, https:\/\/www.opalineanimation.com\/Blog_Cie_Opaline\/wp-content\/uploads\/2021\/12\/magicien_fou_7-150x200.jpg 150w, https:\/\/www.opalineanimation.com\/Blog_Cie_Opaline\/wp-content\/uploads\/2021\/12\/magicien_fou_7-100x134.jpg 100w\" sizes=\"auto, (max-width: 435px) 100vw, 435px\" \/><\/a>\"<strong>Mon journal, il faut que je te raconte ce que j'ai vu de mes yeux vu !<\/strong> J\u2019\u00e9tais confortablement install\u00e9 dans mon canap\u00e9 et je m'interrogeais sur les \u00e9quipements de ma maison en mati\u00e8re de protection incendie, puisque juste au-dessus de la porte devant moi se trouve un d\u00e9tecteur de fum\u00e9e. Tu te dis que je dois bien me faire chier dans la vie pour penser ce genre de choses ?! Ce n'est pas faux !<\/p>\n<p>&nbsp;<\/p>\n<p style=\"text-align: justify;\">J'ai donc entrepris d'enfumer l\u00e9g\u00e8rement la pi\u00e8ce afin de tester ledit d\u00e9tecteur. Ni une ni deux j'ai charg\u00e9 le po\u00eale \u00e0 bois, avec un combustible de premier choix pour l'occasion, \u00e0 savoir, des morceaux de pneu, le tout arros\u00e9 d'un bon litre d'huile de vidange qui tra\u00eenait dans le garage, j\u2019ai craqu\u00e9 une allumette. Bon au d\u00e9but c'est dur \u00e0 prendre mais en y ajoutant une lichette de tord-boyaux cela s'est mis \u00e0 fumer. C\u2019\u00e9tait hallucinant ! Cette belle fum\u00e9e noire est all\u00e9e directement chatouiller le d\u00e9tecteur... qui n'a pas mouft\u00e9 !<\/p>\n<p>&nbsp;<\/p>\n<p style=\"text-align: justify;\">\u00c9berlu\u00e9, je me suis donc grill\u00e9 un \u00e9norme cigare juste en dessous et toujours aucune r\u00e9action, pas m\u00eame un petit couinement. Alors je l'ai fait, j'ai appuy\u00e9 sur le bouton au milieu. L\u00e0 une lumi\u00e8re rouge s'est mise \u00e0 clignoter et une voix avec un fort accent asiatique est sortie du petit haut parleur me demandant ce que je foutais et pourquoi j'avais sonn\u00e9.<\/p>\n<p>&nbsp;<\/p>\n<p style=\"text-align: justify;\">Surpris qu'il n'y ait pas eu de sir\u00e8ne en lieu et place du son de sa voix, je d\u00e9cidais d'engager la conversation avec ce parfait inconnu en lui demandant de quelle r\u00e9gion il \u00e9tait... C'est alors qu'il m\u2019informa qu'il vivait au plus pr\u00e8s de moi, \u00e0 savoir dans mon salon et pr\u00e9cis\u00e9ment dans le bo\u00eetier lui-m\u00eame ! \u00c7a faisait 10 ans que je l'avais accroch\u00e9 au-dessus de mon mur et qu'il attendait l\u00e0 que quelqu'un vienne appuyer sur le bouton et qu'auparavant il logeait dans une lanterne et que, dans son domaine d'activit\u00e9, il y avait une p\u00e9nurie de travail.<br \/>\nLe brave type me confia qu'il avait pass\u00e9 sa vie \u00e0 exhausser les v\u0153ux des gens les plus farfelus qui soient et qu'il \u00e9tait au bout du rouleau depuis qu'il avait donn\u00e9 les cl\u00e9s de l\u2019\u00c9lis\u00e9e \u00e0 un certain Hollande.<\/p>\n<p style=\"text-align: justify;\"><strong>Il me confia que comme il n\u2019\u00e9tait pas en forme je n'aurais droit qu'\u00e0 un seul et unique v\u0153u au lieu des trois habituels.<\/strong> Sachant que la nuit porte conseil je d\u00e9cidai de remettre cette conversation au lendemain afin de m\u00fbrir mon id\u00e9e.<\/p>\n<p style=\"text-align: justify;\">C'est en plein milieu de la nuit, vers 3 heures du matin affich\u00e9s \u00e0 ma toquante, que je fus r\u00e9veill\u00e9 par ma prostate, le derri\u00e8re sur ma cuvette froide, les mirettes viss\u00e9es sur mes pantoufles en coco rose, je sus ce que je voulais, \u00e0 savoir une belle moustache.<\/p>\n<p>&nbsp;<\/p>\n<p style=\"text-align: justify;\"><strong><span style=\"color: #ff6600;\"><a href=\"https:\/\/www.opalineanimation.com\/Blog_Cie_Opaline\/confessions_magicien_fou_7\/magicien_chocolat\/\" rel=\"attachment wp-att-5136\"><img loading=\"lazy\" decoding=\"async\" class=\"alignleft wp-image-5136\" src=\"https:\/\/www.opalineanimation.com\/Blog_Cie_Opaline\/wp-content\/uploads\/2021\/12\/magicien_chocolat.jpg\" alt=\"\" width=\"289\" height=\"577\" srcset=\"https:\/\/www.opalineanimation.com\/Blog_Cie_Opaline\/wp-content\/uploads\/2021\/12\/magicien_chocolat.jpg 400w, https:\/\/www.opalineanimation.com\/Blog_Cie_Opaline\/wp-content\/uploads\/2021\/12\/magicien_chocolat-150x299.jpg 150w, https:\/\/www.opalineanimation.com\/Blog_Cie_Opaline\/wp-content\/uploads\/2021\/12\/magicien_chocolat-100x200.jpg 100w\" sizes=\"auto, (max-width: 289px) 100vw, 289px\" \/><\/a>Tu rigoles hein ?<\/span><\/strong> Depuis que j'ai eu un choc il y a quelques ann\u00e9es en apprenant que ma tablette de chocolat pr\u00e9f\u00e9r\u00e9e, \u00ab merveilles du monde \u00bb, n\u2019allait plus \u00eatre commercialis\u00e9e et que, par cons\u00e9quent je n'allais donc pas pouvoir finir ma collection de carte des \u00ab z'animaux \u00bb commenc\u00e9e il y a 85 ans plus t\u00f4t, ce fut le choc. Un \u00e9v\u00e9nement si soudain et si violent que je perdis enti\u00e8rement et instantan\u00e9ment les poils sous l\u2019aisselle droite, dans la narine gauche, dans l'oreille droite et pire encore la totalit\u00e9 de ma pilosit\u00e9 sub-labiale dont j'\u00e9tais si fier.<\/p>\n<p>&nbsp;<\/p>\n<p style=\"text-align: justify;\">Je descendis prestement les escaliers quatre \u00e0 quatre et me pr\u00e9cipita vers le bouton geste d\u00e9j\u00e0 op\u00e9r\u00e9 la veille. Cette fois-ci il y eu un \u00e9norme nuage de fum\u00e9e noire qui sortit de l'appareil et j'entendis la petite voix sortir de l'autre c\u00f4t\u00e9 du salon. La voix venait du po\u00eale \u00e0 bois. En ouvrant la trappe il me dit qu'il pr\u00e9f\u00e9rait son nouveau g\u00eete car 'il y faisait plus chaud. Il y avait plus d'espace. Il me rajouta que si je voulais avoir chaud dor\u00e9navant je devrait me contenter d'un pull over et qu'il ne voulait plus \u00eatre d\u00e9rang\u00e9 pour les 1000 ans \u00e0 venir. Quel toupet !! Je lui rappelais s\u00e8chement qu'il m'avait promis un v\u0153u et qu'il serait bien qu'il honore son engagement en me dotant d'une belle et majestueuse moustache. Il bougonna, marmonna un truc qui commence par abra je ne sais quoi et la porte de l\u2019\u00e2tre se claqua aussi sec.<\/p>\n<p>&nbsp;<\/p>\n<p style=\"text-align: justify;\"><a href=\"https:\/\/www.opalineanimation.com\/Blog_Cie_Opaline\/confessions_magicien_fou_7\/moustache_magicien\/\" rel=\"attachment wp-att-5108\"><img loading=\"lazy\" decoding=\"async\" class=\" wp-image-5108 alignright\" src=\"https:\/\/www.opalineanimation.com\/Blog_Cie_Opaline\/wp-content\/uploads\/2021\/12\/moustache_magicien.jpg\" alt=\"\" width=\"399\" height=\"399\" srcset=\"https:\/\/www.opalineanimation.com\/Blog_Cie_Opaline\/wp-content\/uploads\/2021\/12\/moustache_magicien.jpg 900w, https:\/\/www.opalineanimation.com\/Blog_Cie_Opaline\/wp-content\/uploads\/2021\/12\/moustache_magicien-300x300.jpg 300w, https:\/\/www.opalineanimation.com\/Blog_Cie_Opaline\/wp-content\/uploads\/2021\/12\/moustache_magicien-768x768.jpg 768w, https:\/\/www.opalineanimation.com\/Blog_Cie_Opaline\/wp-content\/uploads\/2021\/12\/moustache_magicien-750x750.jpg 750w, https:\/\/www.opalineanimation.com\/Blog_Cie_Opaline\/wp-content\/uploads\/2021\/12\/moustache_magicien-400x400.jpg 400w, https:\/\/www.opalineanimation.com\/Blog_Cie_Opaline\/wp-content\/uploads\/2021\/12\/moustache_magicien-430x430.jpg 430w, https:\/\/www.opalineanimation.com\/Blog_Cie_Opaline\/wp-content\/uploads\/2021\/12\/moustache_magicien-150x150.jpg 150w, https:\/\/www.opalineanimation.com\/Blog_Cie_Opaline\/wp-content\/uploads\/2021\/12\/moustache_magicien-100x100.jpg 100w\" sizes=\"auto, (max-width: 399px) 100vw, 399px\" \/><\/a>C'est quelques minutes plus tard que je sentis quelque chose me chatouiller sous le nez. Je courus \u00e0 la salle de bain et, d\u00e9couvrant mon minois dans le miroir, je constatai avec effroi qu'il m'avait enfum\u00e9 avec sa formule magique. Je<\/p>\n<p>&nbsp;<\/p>\n<p style=\"text-align: justify;\">n'avais qu'une moiti\u00e9 de moustache. Un truc ridicule, rectangulaire, tout noir , de 2 cm sur 2 pile sous le nez.<\/p>\n<p>&nbsp;<\/p>\n<h3 style=\"text-align: justify;\"><strong>Maintenant avec ma raie sur le c\u00f4t\u00e9, mon berger allemand et ma cravache, \u00e7a va encore jaser dans le village\u2026.\"<\/strong><\/h3>\n<p>&nbsp;<\/p>\n<p>&nbsp;<\/p>\n<p>&nbsp;<\/p>\n<p>&nbsp;<\/p>\n<p>&nbsp;<\/p>\n<p>&nbsp;<\/p>\n<\/div>\n<\/div><\/div><\/div><div id=\"pgc-5098-1-2\"  class=\"panel-grid-cell panel-grid-cell-empty\" ><\/div><\/div><div id=\"pg-5098-2\"  class=\"panel-grid panel-no-style\" ><div id=\"pgc-5098-2-0\"  class=\"panel-grid-cell panel-grid-cell-empty\" ><\/div><div id=\"pgc-5098-2-1\"  class=\"panel-grid-cell panel-grid-cell-mobile-last\" ><div id=\"panel-5098-2-1-0\" class=\"so-panel widget widget_moesia_blockquote moesia_blockquote_widget panel-first-child panel-last-child\" data-index=\"2\" >\t\t<section id=\"blockquote\" class=\"blockquote-area\">\n\t\t\t<div class=\"container\">\t\t\t\n\t\t\t\t<h3 class=\"widget-title\"><span class=\"wow bounce\">Les confessions ? <\/span><\/h3>\t\t\t\t\t\t\t\t\t<div class=\"bq-text col-md-12\">\n\t\t\t\t\t\t\t\t\t<blockquote class=\"wow fadeInUp\">Au d\u00e9part ce sont des acecdotes de ma vie de magicien que j&#039;ai rang\u00e9es dans un coin de ma m\u00e9moire. Ces souvenirs que je souhaite vous faire partager, passent par mon imagination pour donner ces histoires abracadabrantesques, qui je l&#039;esp\u00e8re, vous plairont ! <\/blockquote>\n\t\t\t\t\t<cite class=\"wow fadeInUp\">Aur\u00e9lien Martin<\/cite>\n\t\t\t\t<\/div>\t\n\t\t\t<\/div>\t\t\n\t\t<\/section>\t\t\n\t<\/div><\/div><div id=\"pgc-5098-2-2\"  class=\"panel-grid-cell panel-grid-cell-empty\" ><\/div><\/div><\/div>","protected":false},"excerpt":{"rendered":"<p>\u00ab\u00a0Mon journal, il faut que je te raconte ce que j&rsquo;ai vu de mes yeux vu ! J\u2019\u00e9tais confortablement install\u00e9 dans mon canap\u00e9 et je m&rsquo;interrogeais sur les \u00e9quipements de [&hellip;]<\/p>\n","protected":false},"author":1,"featured_media":0,"parent":0,"menu_order":0,"comment_status":"closed","ping_status":"closed","template":"page_front-page.php","meta":{"footnotes":""},"class_list":["post-5098","page","type-page","status-publish","hentry"],"yoast_head":"<!-- This site is optimized with the Yoast SEO plugin v27.5 - https:\/\/yoast.com\/product\/yoast-seo-wordpress\/ -->\n<title>La maison du magicien br\u00fble \u00e0 Metz ?<\/title>\n<meta name=\"description\" content=\"Un g\u00e9nie cach\u00e9 dans un d\u00e9tecteur de fum\u00e9e, encore une histoire \u00e0 dormir debout \u00e0 Metz !\" \/>\n<meta name=\"robots\" content=\"index, follow, max-snippet:-1, max-image-preview:large, max-video-preview:-1\" \/>\n<link rel=\"canonical\" href=\"https:\/\/www.opalineanimation.com\/Blog_Cie_Opaline\/confessions_magicien_fou_8\/\" \/>\n<meta property=\"og:locale\" content=\"fr_FR\" \/>\n<meta property=\"og:type\" content=\"article\" \/>\n<meta property=\"og:title\" content=\"La maison du magicien br\u00fble \u00e0 Metz ?\" \/>\n<meta property=\"og:description\" content=\"Un g\u00e9nie cach\u00e9 dans un d\u00e9tecteur de fum\u00e9e, encore une histoire \u00e0 dormir debout \u00e0 Metz !\" \/>\n<meta property=\"og:url\" content=\"https:\/\/www.opalineanimation.com\/Blog_Cie_Opaline\/confessions_magicien_fou_8\/\" \/>\n<meta property=\"og:site_name\" content=\"Cie Opaline CLOSE-UP, SPECTACLES ET SERVICES\" \/>\n<meta property=\"article:publisher\" content=\"https:\/\/www.facebook.com\/pages\/Opaline-Animation\/255451761132872\" \/>\n<meta property=\"article:modified_time\" content=\"2022-01-11T18:55:38+00:00\" \/>\n<meta property=\"og:image\" content=\"https:\/\/www.opalineanimation.com\/Blog_Cie_Opaline\/wp-content\/uploads\/2021\/12\/magicien_fou_7.jpg\" \/>\n<meta name=\"twitter:label1\" content=\"Dur\u00e9e de lecture estim\u00e9e\" \/>\n\t<meta name=\"twitter:data1\" content=\"5 minutes\" \/>\n<script type=\"application\/ld+json\" class=\"yoast-schema-graph\">{\"@context\":\"https:\\\/\\\/schema.org\",\"@graph\":[{\"@type\":\"Article\",\"@id\":\"https:\\\/\\\/www.opalineanimation.com\\\/Blog_Cie_Opaline\\\/confessions_magicien_fou_8\\\/#article\",\"isPartOf\":{\"@id\":\"https:\\\/\\\/www.opalineanimation.com\\\/Blog_Cie_Opaline\\\/confessions_magicien_fou_8\\\/\"},\"author\":{\"name\":\"Blog_Cie_Opaline\",\"@id\":\"https:\\\/\\\/www.opalineanimation.com\\\/Blog_Cie_Opaline\\\/#\\\/schema\\\/person\\\/d3e09c36fc07c224660e5d7e020ccdd4\"},\"headline\":\"Confession d&rsquo;un magicien fou : 8\",\"datePublished\":\"2021-12-21T15:03:00+00:00\",\"dateModified\":\"2022-01-11T18:55:38+00:00\",\"mainEntityOfPage\":{\"@id\":\"https:\\\/\\\/www.opalineanimation.com\\\/Blog_Cie_Opaline\\\/confessions_magicien_fou_8\\\/\"},\"wordCount\":928,\"image\":{\"@id\":\"https:\\\/\\\/www.opalineanimation.com\\\/Blog_Cie_Opaline\\\/confessions_magicien_fou_8\\\/#primaryimage\"},\"thumbnailUrl\":\"https:\\\/\\\/www.opalineanimation.com\\\/Blog_Cie_Opaline\\\/wp-content\\\/uploads\\\/2021\\\/12\\\/magicien_fou_7.jpg\",\"inLanguage\":\"fr-FR\"},{\"@type\":\"WebPage\",\"@id\":\"https:\\\/\\\/www.opalineanimation.com\\\/Blog_Cie_Opaline\\\/confessions_magicien_fou_8\\\/\",\"url\":\"https:\\\/\\\/www.opalineanimation.com\\\/Blog_Cie_Opaline\\\/confessions_magicien_fou_8\\\/\",\"name\":\"La maison du magicien br\u00fble \u00e0 Metz ?\",\"isPartOf\":{\"@id\":\"https:\\\/\\\/www.opalineanimation.com\\\/Blog_Cie_Opaline\\\/#website\"},\"primaryImageOfPage\":{\"@id\":\"https:\\\/\\\/www.opalineanimation.com\\\/Blog_Cie_Opaline\\\/confessions_magicien_fou_8\\\/#primaryimage\"},\"image\":{\"@id\":\"https:\\\/\\\/www.opalineanimation.com\\\/Blog_Cie_Opaline\\\/confessions_magicien_fou_8\\\/#primaryimage\"},\"thumbnailUrl\":\"https:\\\/\\\/www.opalineanimation.com\\\/Blog_Cie_Opaline\\\/wp-content\\\/uploads\\\/2021\\\/12\\\/magicien_fou_7.jpg\",\"datePublished\":\"2021-12-21T15:03:00+00:00\",\"dateModified\":\"2022-01-11T18:55:38+00:00\",\"description\":\"Un g\u00e9nie cach\u00e9 dans un d\u00e9tecteur de fum\u00e9e, encore une histoire \u00e0 dormir debout \u00e0 Metz !\",\"breadcrumb\":{\"@id\":\"https:\\\/\\\/www.opalineanimation.com\\\/Blog_Cie_Opaline\\\/confessions_magicien_fou_8\\\/#breadcrumb\"},\"inLanguage\":\"fr-FR\",\"potentialAction\":[{\"@type\":\"ReadAction\",\"target\":[\"https:\\\/\\\/www.opalineanimation.com\\\/Blog_Cie_Opaline\\\/confessions_magicien_fou_8\\\/\"]}]},{\"@type\":\"ImageObject\",\"inLanguage\":\"fr-FR\",\"@id\":\"https:\\\/\\\/www.opalineanimation.com\\\/Blog_Cie_Opaline\\\/confessions_magicien_fou_8\\\/#primaryimage\",\"url\":\"https:\\\/\\\/www.opalineanimation.com\\\/Blog_Cie_Opaline\\\/wp-content\\\/uploads\\\/2021\\\/12\\\/magicien_fou_7.jpg\",\"contentUrl\":\"https:\\\/\\\/www.opalineanimation.com\\\/Blog_Cie_Opaline\\\/wp-content\\\/uploads\\\/2021\\\/12\\\/magicien_fou_7.jpg\",\"width\":1508,\"height\":2015},{\"@type\":\"BreadcrumbList\",\"@id\":\"https:\\\/\\\/www.opalineanimation.com\\\/Blog_Cie_Opaline\\\/confessions_magicien_fou_8\\\/#breadcrumb\",\"itemListElement\":[{\"@type\":\"ListItem\",\"position\":1,\"name\":\"Accueil\",\"item\":\"https:\\\/\\\/www.opalineanimation.com\\\/Blog_Cie_Opaline\\\/\"},{\"@type\":\"ListItem\",\"position\":2,\"name\":\"Confession d&rsquo;un magicien fou : 8\"}]},{\"@type\":\"WebSite\",\"@id\":\"https:\\\/\\\/www.opalineanimation.com\\\/Blog_Cie_Opaline\\\/#website\",\"url\":\"https:\\\/\\\/www.opalineanimation.com\\\/Blog_Cie_Opaline\\\/\",\"name\":\"Cie Opaline CLOSE-UP, SPECTACLES ET SERVICES\",\"description\":\"Artistes du spectacle \u00e0 Metz, Nancy et Luxembourg\",\"potentialAction\":[{\"@type\":\"SearchAction\",\"target\":{\"@type\":\"EntryPoint\",\"urlTemplate\":\"https:\\\/\\\/www.opalineanimation.com\\\/Blog_Cie_Opaline\\\/?s={search_term_string}\"},\"query-input\":{\"@type\":\"PropertyValueSpecification\",\"valueRequired\":true,\"valueName\":\"search_term_string\"}}],\"inLanguage\":\"fr-FR\"},{\"@type\":\"Person\",\"@id\":\"https:\\\/\\\/www.opalineanimation.com\\\/Blog_Cie_Opaline\\\/#\\\/schema\\\/person\\\/d3e09c36fc07c224660e5d7e020ccdd4\",\"name\":\"Blog_Cie_Opaline\",\"image\":{\"@type\":\"ImageObject\",\"inLanguage\":\"fr-FR\",\"@id\":\"https:\\\/\\\/secure.gravatar.com\\\/avatar\\\/b796dc8fa00c816fb93c1238277615e6d585efca7fa10f62fe6edc7e8f623ce6?s=96&d=mm&r=g\",\"url\":\"https:\\\/\\\/secure.gravatar.com\\\/avatar\\\/b796dc8fa00c816fb93c1238277615e6d585efca7fa10f62fe6edc7e8f623ce6?s=96&d=mm&r=g\",\"contentUrl\":\"https:\\\/\\\/secure.gravatar.com\\\/avatar\\\/b796dc8fa00c816fb93c1238277615e6d585efca7fa10f62fe6edc7e8f623ce6?s=96&d=mm&r=g\",\"caption\":\"Blog_Cie_Opaline\"},\"sameAs\":[\"https:\\\/\\\/www.facebook.com\\\/Opaline-Animation-255451761132872\\\/\"]}]}<\/script>\n<!-- \/ Yoast SEO plugin. -->","yoast_head_json":{"title":"La maison du magicien br\u00fble \u00e0 Metz ?","description":"Un g\u00e9nie cach\u00e9 dans un d\u00e9tecteur de fum\u00e9e, encore une histoire \u00e0 dormir debout \u00e0 Metz !","robots":{"index":"index","follow":"follow","max-snippet":"max-snippet:-1","max-image-preview":"max-image-preview:large","max-video-preview":"max-video-preview:-1"},"canonical":"https:\/\/www.opalineanimation.com\/Blog_Cie_Opaline\/confessions_magicien_fou_8\/","og_locale":"fr_FR","og_type":"article","og_title":"La maison du magicien br\u00fble \u00e0 Metz ?","og_description":"Un g\u00e9nie cach\u00e9 dans un d\u00e9tecteur de fum\u00e9e, encore une histoire \u00e0 dormir debout \u00e0 Metz !","og_url":"https:\/\/www.opalineanimation.com\/Blog_Cie_Opaline\/confessions_magicien_fou_8\/","og_site_name":"Cie Opaline CLOSE-UP, SPECTACLES ET SERVICES","article_publisher":"https:\/\/www.facebook.com\/pages\/Opaline-Animation\/255451761132872","article_modified_time":"2022-01-11T18:55:38+00:00","og_image":[{"url":"https:\/\/www.opalineanimation.com\/Blog_Cie_Opaline\/wp-content\/uploads\/2021\/12\/magicien_fou_7.jpg","type":"","width":"","height":""}],"twitter_misc":{"Dur\u00e9e de lecture estim\u00e9e":"5 minutes"},"schema":{"@context":"https:\/\/schema.org","@graph":[{"@type":"Article","@id":"https:\/\/www.opalineanimation.com\/Blog_Cie_Opaline\/confessions_magicien_fou_8\/#article","isPartOf":{"@id":"https:\/\/www.opalineanimation.com\/Blog_Cie_Opaline\/confessions_magicien_fou_8\/"},"author":{"name":"Blog_Cie_Opaline","@id":"https:\/\/www.opalineanimation.com\/Blog_Cie_Opaline\/#\/schema\/person\/d3e09c36fc07c224660e5d7e020ccdd4"},"headline":"Confession d&rsquo;un magicien fou : 8","datePublished":"2021-12-21T15:03:00+00:00","dateModified":"2022-01-11T18:55:38+00:00","mainEntityOfPage":{"@id":"https:\/\/www.opalineanimation.com\/Blog_Cie_Opaline\/confessions_magicien_fou_8\/"},"wordCount":928,"image":{"@id":"https:\/\/www.opalineanimation.com\/Blog_Cie_Opaline\/confessions_magicien_fou_8\/#primaryimage"},"thumbnailUrl":"https:\/\/www.opalineanimation.com\/Blog_Cie_Opaline\/wp-content\/uploads\/2021\/12\/magicien_fou_7.jpg","inLanguage":"fr-FR"},{"@type":"WebPage","@id":"https:\/\/www.opalineanimation.com\/Blog_Cie_Opaline\/confessions_magicien_fou_8\/","url":"https:\/\/www.opalineanimation.com\/Blog_Cie_Opaline\/confessions_magicien_fou_8\/","name":"La maison du magicien br\u00fble \u00e0 Metz ?","isPartOf":{"@id":"https:\/\/www.opalineanimation.com\/Blog_Cie_Opaline\/#website"},"primaryImageOfPage":{"@id":"https:\/\/www.opalineanimation.com\/Blog_Cie_Opaline\/confessions_magicien_fou_8\/#primaryimage"},"image":{"@id":"https:\/\/www.opalineanimation.com\/Blog_Cie_Opaline\/confessions_magicien_fou_8\/#primaryimage"},"thumbnailUrl":"https:\/\/www.opalineanimation.com\/Blog_Cie_Opaline\/wp-content\/uploads\/2021\/12\/magicien_fou_7.jpg","datePublished":"2021-12-21T15:03:00+00:00","dateModified":"2022-01-11T18:55:38+00:00","description":"Un g\u00e9nie cach\u00e9 dans un d\u00e9tecteur de fum\u00e9e, encore une histoire \u00e0 dormir debout \u00e0 Metz !","breadcrumb":{"@id":"https:\/\/www.opalineanimation.com\/Blog_Cie_Opaline\/confessions_magicien_fou_8\/#breadcrumb"},"inLanguage":"fr-FR","potentialAction":[{"@type":"ReadAction","target":["https:\/\/www.opalineanimation.com\/Blog_Cie_Opaline\/confessions_magicien_fou_8\/"]}]},{"@type":"ImageObject","inLanguage":"fr-FR","@id":"https:\/\/www.opalineanimation.com\/Blog_Cie_Opaline\/confessions_magicien_fou_8\/#primaryimage","url":"https:\/\/www.opalineanimation.com\/Blog_Cie_Opaline\/wp-content\/uploads\/2021\/12\/magicien_fou_7.jpg","contentUrl":"https:\/\/www.opalineanimation.com\/Blog_Cie_Opaline\/wp-content\/uploads\/2021\/12\/magicien_fou_7.jpg","width":1508,"height":2015},{"@type":"BreadcrumbList","@id":"https:\/\/www.opalineanimation.com\/Blog_Cie_Opaline\/confessions_magicien_fou_8\/#breadcrumb","itemListElement":[{"@type":"ListItem","position":1,"name":"Accueil","item":"https:\/\/www.opalineanimation.com\/Blog_Cie_Opaline\/"},{"@type":"ListItem","position":2,"name":"Confession d&rsquo;un magicien fou : 8"}]},{"@type":"WebSite","@id":"https:\/\/www.opalineanimation.com\/Blog_Cie_Opaline\/#website","url":"https:\/\/www.opalineanimation.com\/Blog_Cie_Opaline\/","name":"Cie Opaline CLOSE-UP, SPECTACLES ET SERVICES","description":"Artistes du spectacle \u00e0 Metz, Nancy et Luxembourg","potentialAction":[{"@type":"SearchAction","target":{"@type":"EntryPoint","urlTemplate":"https:\/\/www.opalineanimation.com\/Blog_Cie_Opaline\/?s={search_term_string}"},"query-input":{"@type":"PropertyValueSpecification","valueRequired":true,"valueName":"search_term_string"}}],"inLanguage":"fr-FR"},{"@type":"Person","@id":"https:\/\/www.opalineanimation.com\/Blog_Cie_Opaline\/#\/schema\/person\/d3e09c36fc07c224660e5d7e020ccdd4","name":"Blog_Cie_Opaline","image":{"@type":"ImageObject","inLanguage":"fr-FR","@id":"https:\/\/secure.gravatar.com\/avatar\/b796dc8fa00c816fb93c1238277615e6d585efca7fa10f62fe6edc7e8f623ce6?s=96&d=mm&r=g","url":"https:\/\/secure.gravatar.com\/avatar\/b796dc8fa00c816fb93c1238277615e6d585efca7fa10f62fe6edc7e8f623ce6?s=96&d=mm&r=g","contentUrl":"https:\/\/secure.gravatar.com\/avatar\/b796dc8fa00c816fb93c1238277615e6d585efca7fa10f62fe6edc7e8f623ce6?s=96&d=mm&r=g","caption":"Blog_Cie_Opaline"},"sameAs":["https:\/\/www.facebook.com\/Opaline-Animation-255451761132872\/"]}]}},"_links":{"self":[{"href":"https:\/\/www.opalineanimation.com\/Blog_Cie_Opaline\/wp-json\/wp\/v2\/pages\/5098","targetHints":{"allow":["GET"]}}],"collection":[{"href":"https:\/\/www.opalineanimation.com\/Blog_Cie_Opaline\/wp-json\/wp\/v2\/pages"}],"about":[{"href":"https:\/\/www.opalineanimation.com\/Blog_Cie_Opaline\/wp-json\/wp\/v2\/types\/page"}],"author":[{"embeddable":true,"href":"https:\/\/www.opalineanimation.com\/Blog_Cie_Opaline\/wp-json\/wp\/v2\/users\/1"}],"replies":[{"embeddable":true,"href":"https:\/\/www.opalineanimation.com\/Blog_Cie_Opaline\/wp-json\/wp\/v2\/comments?post=5098"}],"version-history":[{"count":51,"href":"https:\/\/www.opalineanimation.com\/Blog_Cie_Opaline\/wp-json\/wp\/v2\/pages\/5098\/revisions"}],"predecessor-version":[{"id":5137,"href":"https:\/\/www.opalineanimation.com\/Blog_Cie_Opaline\/wp-json\/wp\/v2\/pages\/5098\/revisions\/5137"}],"wp:attachment":[{"href":"https:\/\/www.opalineanimation.com\/Blog_Cie_Opaline\/wp-json\/wp\/v2\/media?parent=5098"}],"curies":[{"name":"wp","href":"https:\/\/api.w.org\/{rel}","templated":true}]}}