{"id":3324,"date":"2019-01-18T16:04:39","date_gmt":"2019-01-18T14:04:39","guid":{"rendered":"https:\/\/www.opalineanimation.com\/Blog_Cie_Opaline\/?page_id=3324"},"modified":"2024-10-01T14:29:05","modified_gmt":"2024-10-01T12:29:05","slug":"sculpture-de-ballons","status":"publish","type":"page","link":"https:\/\/www.opalineanimation.com\/Blog_Cie_Opaline\/sculpture-de-ballons\/","title":{"rendered":"Sculpture de ballons ! Sculpteur sur ballons ?"},"content":{"rendered":"<blockquote>\n<h1 style=\"text-align: justify;\">\u00a0Ballons en formes de grandes saucisses tournicot\u00e9es en tous sens ! La sculpture de ballons pour divertir les enfants !<\/h1>\n<\/blockquote>\n<figure id=\"attachment_345\" aria-describedby=\"caption-attachment-345\" style=\"width: 300px\" class=\"wp-caption alignleft\"><a href=\"https:\/\/www.opalineanimation.com\/Blog_Cie_Opaline\/wp-content\/uploads\/Sculpture-de-ballons.jpg\"><img class=\"wp-image-345 lws-optimize-lazyload\" title=\"Sculpture de ballons\"  alt=\"Une sculpture de ballons en forme de lapin\" width=\"300\" height=\"450\" \/ data-src=\"https:\/\/www.opalineanimation.com\/Blog_Cie_Opaline\/wp-content\/uploads\/Sculpture-de-ballons-200x300.jpg\" srcset=\"https:\/\/www.opalineanimation.com\/Blog_Cie_Opaline\/wp-content\/uploads\/Sculpture-de-ballons-200x300.jpg 200w, https:\/\/www.opalineanimation.com\/Blog_Cie_Opaline\/wp-content\/uploads\/Sculpture-de-ballons-683x1024.jpg 683w, https:\/\/www.opalineanimation.com\/Blog_Cie_Opaline\/wp-content\/uploads\/Sculpture-de-ballons.jpg 1366w\" sizes=\"(max-width: 300px) 100vw, 300px\" \/><\/a><figcaption id=\"caption-attachment-345\" class=\"wp-caption-text\">sculpture de ballons lapin<\/figcaption><\/figure>\n<h2 style=\"text-align: justify;\"><span style=\"color: #ff6600;\">L&rsquo;art de la sculpture de ballons ! Tout un programme !<\/span><\/h2>\n<p style=\"text-align: justify;\">De toutes les couleurs de toutes les formes. Ces ballons sont en latex et talqu\u00e9 afin que ceux-ci puissent \u00eatre travaill\u00e9s, tournicot\u00e9s, tourn\u00e9s&#8230;<\/p>\n<p style=\"text-align: justify;\">L&rsquo;animation sculpture de ballons est adapt\u00e9 \u00e0 tous les publics. Les enfants comme les parents, les anciens, sont ravis de pouvoir voir le travail de l&rsquo;artiste. Entre ses doigts celui-ci insufflerait presque la vie ! Des animaux, chapeaux en passant par l\u2019incontournable \u00e9p\u00e9e qui \u00e9quipera de nombreux enfants&#8230;devenus chevaliers !<\/p>\n<h2 style=\"text-align: justify;\">On rigole bien !<\/h2>\n<p style=\"text-align: justify;\">Apr\u00e8s un instant de r\u00e9flexion notre jeune client \u00e2g\u00e9 de 5 ans s&rsquo;est d\u00e9cid\u00e9. Il souhaite nounours me dit-il en chuchotant&#8230;<\/p>\n<blockquote>\n<p style=\"text-align: justify;\"><span style=\"color: #808080;\"><strong><em>\u00ab\u00a0Tr\u00e8s bien l&rsquo;ami. Nos compagnons autours ne savent pas ce que je suis en train de faire, devinons ensemble.\u00a0<\/em><em>Nous cherchons un animal &#8230; \u00a0\u00bb\u00a0<\/em><\/strong><\/span><\/p>\n<\/blockquote>\n<p style=\"text-align: justify;\"><span style=\"color: #808080;\"><strong><em>\u00ab\u00a0Mamie? me lance un jeune gar\u00e7on en rigolant!\u00a0\u00bb<\/em><\/strong><\/span><\/p>\n<p style=\"text-align: justify;\"><span style=\"color: #808080;\"><strong><em>\u00ab\u00a0Ha non je ne pensais pas \u00e0 cet animal l\u00e0 ! Mais tu as raison c&rsquo;est un Mamie-faire&#8230;\u00a0deuxi\u00e8me\u00a0indice il est \u00e0 poil&#8230;\u00a0<\/em><em>quoi? non non pas tout nu, je veux dire qu&rsquo;il a plein de poil &#8230;\u00a0\u00bb<\/em><\/strong><\/span><\/p>\n<p style=\"text-align: justify;\"><span style=\"color: #808080;\"><strong><em>\u00ab\u00a0un chat, chien, un loup&#8230; les id\u00e9es volent dans la bonne humeur\u00a0\u00bb<\/em><\/strong><\/span><\/p>\n<p style=\"text-align: justify;\"><span style=\"color: #808080;\"><strong><em>\u00ab\u00a0on cherche, on cherche&#8230; il est \u00e9norme! \u00a0oui?! quoi? un\u00a0mammouth? ha non l\u00e0 y&rsquo;a trop de poils! Il vit dans la\u00a0for\u00eat&#8230;Un\u00a0ours !!\u00a0bonne r\u00e9ponse ! mais ce n&rsquo;est pas tout&#8230;.c&rsquo;est un ours&#8230;\u00a0\u00bb<\/em><\/strong><\/span><\/p>\n<p style=\"text-align: justify;\"><strong><span style=\"color: #808080;\"><em>\u00ab\u00a0rose ! m&rsquo;envoie un enfant \u00e0 qui il manque deux dents. Polaire ! pour le second lui avec la\u00a0schnouff\u00a0au nez&#8230;\u00a0\u00bb<\/em><\/span><\/strong><\/p>\n<p style=\"text-align: justify;\"><strong><span style=\"color: #808080;\"><em>\u00ab\u00a0Non ce n&rsquo;est pas \u00e7a ! Encore un indice c&rsquo;est un nounours qui p&#8230; pe&#8230; pet&#8230;. QUOI? T&rsquo;as dit un nounours qui\u00a0p\u00e8te? Non\u00a0mais tu es malade? Tu as d\u00e9j\u00e0 vu un ours qui p\u00e8te?&#8230;.\u00a0\u00bb\u00a0<\/em><\/span><\/strong><\/p>\n<p style=\"text-align: justify;\"><span style=\"color: #ff6600;\"><strong><em>Rire, rire \u00a0et rire&#8230; c&rsquo;est contagieux, je ris aussi c&rsquo;est g\u00e9nial.<\/em><\/strong><\/span><\/p>\n<p style=\"text-align: justify;\">Hyst\u00e9rie collective assur\u00e9e et ce n&rsquo;est pas fini ! La petite histoire continue encore une minute et se fini pr\u00e9cis\u00e9ment lorsque le nounours est fini !<\/p>\n<p style=\"text-align: justify;\"><style type=\"text\/css\">.easingslider-415 { width: 100%; }.easingslider-415 .easingslider-image { max-height: 400px; max-width: 640px; }.easingslider-415 .easingslider-fade-in, .easingslider-fade-out { -webkit-animation-duration: 400ms; -moz-animation-duration: 400ms; animation-duration: 400ms; }<\/style><script type=\"text\/javascript\">window.EasingSlider415 = {\"width\":640,\"height\":400,\"singleItem\":true,\"items\":1,\"itemsDesktop\":false,\"itemsDesktopSmall\":false,\"itemsTablet\":false,\"itemsTabletSmall\":false,\"itemsMobile\":false,\"responsive\":true,\"lazyLoad\":true,\"autoPlay\":4000,\"slideSpeed\":400,\"navigation\":true,\"navigationText\":[\"\",\"\"],\"pagination\":true,\"autoHeight\":false,\"mouseDrag\":false,\"touchDrag\":false,\"addClassActive\":true,\"transitionStyle\":\"fade\"};<\/script><div data-id=\"415\" class=\"easingslider easingslider-415 easingslider-container easingslider-full-width easingslider-aspect-ratio easingslider-arrows-inside easingslider-pagination-inside easingslider-pagination-bottom-center\"><div class=\"easingslider-slide\"><a href=\"none\" target=\"\"><img decoding=\"async\" src=\"https:\/\/www.opalineanimation.com\/Blog_Cie_Opaline\/wp-content\/plugins\/easing-slider\/assets\/images\/placeholder-pixel.png\" data-src=\"https:\/\/www.opalineanimation.com\/Blog_Cie_Opaline\/wp-content\/uploads\/Sculpeur-de-ballons-Thionville-e1435832979561.jpg\" alt=\"sculpteur de ballons Thionville Luxembourg\" title=\"sculpteur de ballons Thionville Luxembourg\" class=\"easingslider-image easingslider-lazy\" \/><\/a><\/div><div class=\"easingslider-slide\"><a href=\"none\" target=\"\"><img decoding=\"async\" src=\"https:\/\/www.opalineanimation.com\/Blog_Cie_Opaline\/wp-content\/plugins\/easing-slider\/assets\/images\/placeholder-pixel.png\" data-src=\"https:\/\/www.opalineanimation.com\/Blog_Cie_Opaline\/wp-content\/uploads\/Sculpeur-de-ballons-verdun-e1435832997534.jpg\" alt=\"sculpteur de ballons Verdun Meuse\" title=\"sculpteur de ballons Verdun Meuse\" class=\"easingslider-image easingslider-lazy\" \/><\/a><\/div><div class=\"easingslider-slide\"><a href=\"none\" target=\"\"><img decoding=\"async\" src=\"https:\/\/www.opalineanimation.com\/Blog_Cie_Opaline\/wp-content\/plugins\/easing-slider\/assets\/images\/placeholder-pixel.png\" data-src=\"https:\/\/www.opalineanimation.com\/Blog_Cie_Opaline\/wp-content\/uploads\/sculpture-de-ballons.jpg\" alt=\"sculpture de ballons Metz Nancy Luxembourg\" title=\"sculpture de ballons Metz Nancy Luxembourg\" class=\"easingslider-image easingslider-lazy\" \/><\/a><\/div><\/div><\/p>\n<h3 style=\"text-align: justify;\"><span style=\"color: #ff6600;\">Tout le monde participe c&rsquo;est tr\u00e8s dr\u00f4le !<\/span><\/h3>\n<p style=\"text-align: justify;\">Une petite histoire accompagne souvent les sculptures de ballons. Certaines fois une conversation est lanc\u00e9e avec les enfants, parents&#8230; \u00e9videmment vous vous doutez de la suite, tout est pr\u00e9texte \u00e0 rire et toujours avec une grande finesse !<\/p>\n<p style=\"text-align: justify;\">Zigoto, Machin&#8230; Mat\u00e9o je veux dire, repartira avec son nounours qui p\u00e8te en s\u2019acquittant d&rsquo;une modique somme de 25 621 euros ! Rire garanti.<\/p>\n<p style=\"text-align: justify;\">Le capital sympathie de cette animation r\u00e9side dans l\u2019\u00e9change avec les personnes ! Un \u00e9change verbal humoristique pour certains ou un petit cadeau pour une personne plus timide&#8230; un beau lapin par exemple. Tous repartiront avec leur compagnon \u00e9ph\u00e9m\u00e8re et c&rsquo;est l\u00e0 tout l&rsquo;art de la sculpture de ballons.<\/p>\n<blockquote>\n<h2 style=\"text-align: justify;\">Tenue chic exig\u00e9e !<\/h2>\n<\/blockquote>\n<p style=\"text-align: justify;\">C&rsquo;est v\u00eatu d&rsquo;un costume noir, d&rsquo;une chemise de couleur et d&rsquo;une cravate que nous officions ! Il est aussi beaucoup moins impressionnant pour les jeunes enfants que certains clowns bariol\u00e9s&#8230; Le maquillage est travaill\u00e9 en ce sens afin de proposer des traits doux et harmonieux. Ainsi par\u00e9s nous sommes s\u00fbr d&rsquo;\u00eatre bien accueilli de la cr\u00e8che \u00e0 la maison de retraite !<\/p>\n<h3 style=\"text-align: justify;\"><span style=\"color: #ff6600;\">Et puis l&rsquo;\u00e9l\u00e9gance cela compte !<\/span><\/h3>\n<p style=\"text-align: justify;\">Cette animation est \u00a0\u00e0 partir de 130 euros TTC la premi\u00e8re heure, 60 euros TTC l&rsquo;heure suppl\u00e9mentaire\u00a0 avec des forfaits sur 2, 3 heures&#8230; avec un ou plusieurs sculpteurs sur ballons.<\/p>\n<p style=\"text-align: justify;\">Pour toute demande d&rsquo;information, de r\u00e9servation, contactez-nous par mail ou bien par t\u00e9l\u00e9phone, nous vous trouverons une formule adapt\u00e9e.<\/p>\n<p style=\"text-align: justify;\"><strong>Vous souhaitez \u00e9galement prendre une prestation pour les adultes avec un magicien\u00a0? <a href=\"https:\/\/www.opalineanimation.com\/Blog_Cie_Opaline\/magicien-luxembourg\/\">Regarder la page magicien close up, s\u00e9minaire.\u00a0<\/a><\/strong><\/p>\n<figure id=\"attachment_349\" aria-describedby=\"caption-attachment-349\" style=\"width: 350px\" class=\"wp-caption alignleft\"><a href=\"https:\/\/www.opalineanimation.com\/Blog_Cie_Opaline\/wp-content\/uploads\/sculpture-de-ballons.jpg\"><img class=\"wp-image-349 lws-optimize-lazyload\" title=\"Sculpture de ballons\"  alt=\"Sculpture de ballons\" width=\"350\" height=\"233\" \/ data-src=\"https:\/\/www.opalineanimation.com\/Blog_Cie_Opaline\/wp-content\/uploads\/sculpture-de-ballons-300x200.jpg\" srcset=\"https:\/\/www.opalineanimation.com\/Blog_Cie_Opaline\/wp-content\/uploads\/sculpture-de-ballons-300x200.jpg 300w, https:\/\/www.opalineanimation.com\/Blog_Cie_Opaline\/wp-content\/uploads\/sculpture-de-ballons-1024x683.jpg 1024w, https:\/\/www.opalineanimation.com\/Blog_Cie_Opaline\/wp-content\/uploads\/sculpture-de-ballons.jpg 1200w\" sizes=\"(max-width: 350px) 100vw, 350px\" \/><\/a><figcaption id=\"caption-attachment-349\" class=\"wp-caption-text\">Ballons a sculpter<\/figcaption><\/figure>\n<p style=\"text-align: justify;\"><a href=\"mailto:infos@opalineanimation.com\">infos@opalineanimation.com<\/a><\/p>\n<p style=\"text-align: justify;\"><span style=\"text-decoration: underline;\">Tel :<\/span> 06 13 36 96 42<\/p>\n<p style=\"text-align: justify;\">+33 6 13 36 96 42<\/p>\n<p style=\"text-align: justify;\"><a title=\"Opaline Animation\" href=\"https:\/\/www.opalineanimation.com\">www.opalineanimation.com<\/a><\/p>\n<p style=\"text-align: justify;\">Vous pouvez \u00e9galement utiliser le formulaire de contact ci-dessous en n&rsquo;oubliant pas d&rsquo;indiquer votre num\u00e9ro de t\u00e9l\u00e9phone.<\/p>\n<p style=\"text-align: justify;\">A tr\u00e8s bient\u00f4t !<\/p>\n<p style=\"text-align: left;\">\n<div class=\"wpcf7 no-js\" id=\"wpcf7-f325-o1\" lang=\"fr-FR\" dir=\"ltr\" data-wpcf7-id=\"325\">\n<div class=\"screen-reader-response\"><p role=\"status\" aria-live=\"polite\" aria-atomic=\"true\"><\/p> <ul><\/ul><\/div>\n<form action=\"\/Blog_Cie_Opaline\/wp-json\/wp\/v2\/pages\/3324#wpcf7-f325-o1\" method=\"post\" class=\"wpcf7-form init\" aria-label=\"Formulaire de contact\" novalidate=\"novalidate\" data-status=\"init\">\n<fieldset class=\"hidden-fields-container\"><input type=\"hidden\" name=\"_wpcf7\" value=\"325\" \/><input type=\"hidden\" name=\"_wpcf7_version\" value=\"6.1.5\" \/><input type=\"hidden\" name=\"_wpcf7_locale\" value=\"fr_FR\" \/><input type=\"hidden\" name=\"_wpcf7_unit_tag\" value=\"wpcf7-f325-o1\" \/><input type=\"hidden\" name=\"_wpcf7_container_post\" value=\"0\" \/><input type=\"hidden\" name=\"_wpcf7_posted_data_hash\" value=\"\" \/><input type=\"hidden\" name=\"_wpcf7_recaptcha_response\" value=\"\" \/>\n<\/fieldset>\n<p>Votre nom, pr\u00e9nom\n<\/p>\n<p><span class=\"wpcf7-form-control-wrap\" data-name=\"your-name\"><input size=\"40\" maxlength=\"400\" class=\"wpcf7-form-control wpcf7-text wpcf7-validates-as-required\" aria-required=\"true\" aria-invalid=\"false\" value=\"\" type=\"text\" name=\"your-name\" \/><\/span>\n<\/p>\n<p>T\u00e9l\u00e9phone\n<\/p>\n<p><span class=\"wpcf7-form-control-wrap\" data-name=\"tel-904\"><input size=\"40\" maxlength=\"400\" class=\"wpcf7-form-control wpcf7-tel wpcf7-text wpcf7-validates-as-tel Tlphone 2\" id=\"Tlphone1\" aria-invalid=\"false\" value=\"\" type=\"tel\" name=\"tel-904\" \/><\/span>\n<\/p>\n<p>E-mail\n<\/p>\n<p><span class=\"wpcf7-form-control-wrap\" data-name=\"your-email\"><input size=\"40\" maxlength=\"400\" class=\"wpcf7-form-control wpcf7-email wpcf7-validates-as-required wpcf7-text wpcf7-validates-as-email\" aria-required=\"true\" aria-invalid=\"false\" value=\"\" type=\"email\" name=\"your-email\" \/><\/span>\n<\/p>\n<p>Sujet\n<\/p>\n<p><span class=\"wpcf7-form-control-wrap\" data-name=\"your-subject\"><input size=\"40\" maxlength=\"400\" class=\"wpcf7-form-control wpcf7-text\" aria-invalid=\"false\" value=\"\" type=\"text\" name=\"your-subject\" \/><\/span>\n<\/p>\n<p>Votre message\n<\/p>\n<p><span class=\"wpcf7-form-control-wrap\" data-name=\"your-message\"><textarea cols=\"40\" rows=\"10\" maxlength=\"2000\" class=\"wpcf7-form-control wpcf7-textarea\" aria-invalid=\"false\" name=\"your-message\"><\/textarea><\/span>\n<\/p>\n<p><input class=\"wpcf7-form-control wpcf7-submit has-spinner\" type=\"submit\" value=\"Envoyer\" \/> Tous les champs sont obligatoires\n<\/p>\n<div class=\"wpcf7-response-output\" aria-hidden=\"true\"><\/div>\n<\/form>\n<\/div>\n<\/p>\n","protected":false},"excerpt":{"rendered":"<p>\u00a0Ballons en formes de grandes saucisses tournicot\u00e9es en tous sens ! La sculpture de ballons pour divertir les enfants ! L&rsquo;art de la sculpture de ballons ! Tout un programme [&hellip;]<\/p>\n","protected":false},"author":1,"featured_media":0,"parent":0,"menu_order":0,"comment_status":"closed","ping_status":"closed","template":"","meta":{"footnotes":""},"class_list":["post-3324","page","type-page","status-publish","hentry"],"yoast_head":"<!-- This site is optimized with the Yoast SEO plugin v27.5 - https:\/\/yoast.com\/product\/yoast-seo-wordpress\/ -->\n<title>Sculpteur de ballons Metz et Luxembourg : La sculpture et les enfants<\/title>\n<meta name=\"description\" content=\"Ballons en formes de grandes saucisses tournicot\u00e9es en tous sens ! Sculpture de ballons \u00e0 Metz et Luxembourg ! L&#039;art de divertir les enfants.\" \/>\n<meta name=\"robots\" content=\"index, follow, max-snippet:-1, max-image-preview:large, max-video-preview:-1\" \/>\n<link rel=\"canonical\" href=\"https:\/\/www.opalineanimation.com\/Blog_Cie_Opaline\/sculpture-de-ballons\/\" \/>\n<meta property=\"og:locale\" content=\"fr_FR\" \/>\n<meta property=\"og:type\" content=\"article\" \/>\n<meta property=\"og:title\" content=\"Sculpteur de ballons Metz et Luxembourg : La sculpture et les enfants\" \/>\n<meta property=\"og:description\" content=\"Ballons en formes de grandes saucisses tournicot\u00e9es en tous sens ! Sculpture de ballons \u00e0 Metz et Luxembourg ! L&#039;art de divertir les enfants.\" \/>\n<meta property=\"og:url\" content=\"https:\/\/www.opalineanimation.com\/Blog_Cie_Opaline\/sculpture-de-ballons\/\" \/>\n<meta property=\"og:site_name\" content=\"Cie Opaline CLOSE-UP, SPECTACLES ET SERVICES\" \/>\n<meta property=\"article:publisher\" content=\"https:\/\/www.facebook.com\/pages\/Opaline-Animation\/255451761132872\" \/>\n<meta property=\"article:modified_time\" content=\"2024-10-01T12:29:05+00:00\" \/>\n<meta property=\"og:image\" content=\"https:\/\/www.opalineanimation.com\/Blog_Cie_Opaline\/wp-content\/uploads\/Sculpture-de-ballons-200x300.jpg\" \/>\n<meta name=\"twitter:label1\" content=\"Dur\u00e9e de lecture estim\u00e9e\" \/>\n\t<meta name=\"twitter:data1\" content=\"4 minutes\" \/>\n<script type=\"application\/ld+json\" class=\"yoast-schema-graph\">{\"@context\":\"https:\\\/\\\/schema.org\",\"@graph\":[{\"@type\":\"WebPage\",\"@id\":\"https:\\\/\\\/www.opalineanimation.com\\\/Blog_Cie_Opaline\\\/sculpture-de-ballons\\\/\",\"url\":\"https:\\\/\\\/www.opalineanimation.com\\\/Blog_Cie_Opaline\\\/sculpture-de-ballons\\\/\",\"name\":\"Sculpteur de ballons Metz et Luxembourg : La sculpture et les enfants\",\"isPartOf\":{\"@id\":\"https:\\\/\\\/www.opalineanimation.com\\\/Blog_Cie_Opaline\\\/#website\"},\"primaryImageOfPage\":{\"@id\":\"https:\\\/\\\/www.opalineanimation.com\\\/Blog_Cie_Opaline\\\/sculpture-de-ballons\\\/#primaryimage\"},\"image\":{\"@id\":\"https:\\\/\\\/www.opalineanimation.com\\\/Blog_Cie_Opaline\\\/sculpture-de-ballons\\\/#primaryimage\"},\"thumbnailUrl\":\"https:\\\/\\\/www.opalineanimation.com\\\/Blog_Cie_Opaline\\\/wp-content\\\/uploads\\\/Sculpture-de-ballons-200x300.jpg\",\"datePublished\":\"2019-01-18T14:04:39+00:00\",\"dateModified\":\"2024-10-01T12:29:05+00:00\",\"description\":\"Ballons en formes de grandes saucisses tournicot\u00e9es en tous sens ! Sculpture de ballons \u00e0 Metz et Luxembourg ! L'art de divertir les enfants.\",\"breadcrumb\":{\"@id\":\"https:\\\/\\\/www.opalineanimation.com\\\/Blog_Cie_Opaline\\\/sculpture-de-ballons\\\/#breadcrumb\"},\"inLanguage\":\"fr-FR\",\"potentialAction\":[{\"@type\":\"ReadAction\",\"target\":[\"https:\\\/\\\/www.opalineanimation.com\\\/Blog_Cie_Opaline\\\/sculpture-de-ballons\\\/\"]}]},{\"@type\":\"ImageObject\",\"inLanguage\":\"fr-FR\",\"@id\":\"https:\\\/\\\/www.opalineanimation.com\\\/Blog_Cie_Opaline\\\/sculpture-de-ballons\\\/#primaryimage\",\"url\":\"https:\\\/\\\/www.opalineanimation.com\\\/Blog_Cie_Opaline\\\/wp-content\\\/uploads\\\/Sculpture-de-ballons.jpg\",\"contentUrl\":\"https:\\\/\\\/www.opalineanimation.com\\\/Blog_Cie_Opaline\\\/wp-content\\\/uploads\\\/Sculpture-de-ballons.jpg\",\"width\":1366,\"height\":2048,\"caption\":\"sculpture de ballons lapin\"},{\"@type\":\"BreadcrumbList\",\"@id\":\"https:\\\/\\\/www.opalineanimation.com\\\/Blog_Cie_Opaline\\\/sculpture-de-ballons\\\/#breadcrumb\",\"itemListElement\":[{\"@type\":\"ListItem\",\"position\":1,\"name\":\"Accueil\",\"item\":\"https:\\\/\\\/www.opalineanimation.com\\\/Blog_Cie_Opaline\\\/\"},{\"@type\":\"ListItem\",\"position\":2,\"name\":\"Sculpture de ballons ! Sculpteur sur ballons ?\"}]},{\"@type\":\"WebSite\",\"@id\":\"https:\\\/\\\/www.opalineanimation.com\\\/Blog_Cie_Opaline\\\/#website\",\"url\":\"https:\\\/\\\/www.opalineanimation.com\\\/Blog_Cie_Opaline\\\/\",\"name\":\"Cie Opaline CLOSE-UP, SPECTACLES ET SERVICES\",\"description\":\"Artistes du spectacle \u00e0 Metz, Nancy et Luxembourg\",\"potentialAction\":[{\"@type\":\"SearchAction\",\"target\":{\"@type\":\"EntryPoint\",\"urlTemplate\":\"https:\\\/\\\/www.opalineanimation.com\\\/Blog_Cie_Opaline\\\/?s={search_term_string}\"},\"query-input\":{\"@type\":\"PropertyValueSpecification\",\"valueRequired\":true,\"valueName\":\"search_term_string\"}}],\"inLanguage\":\"fr-FR\"}]}<\/script>\n<!-- \/ Yoast SEO plugin. -->","yoast_head_json":{"title":"Sculpteur de ballons Metz et Luxembourg : La sculpture et les enfants","description":"Ballons en formes de grandes saucisses tournicot\u00e9es en tous sens ! Sculpture de ballons \u00e0 Metz et Luxembourg ! L'art de divertir les enfants.","robots":{"index":"index","follow":"follow","max-snippet":"max-snippet:-1","max-image-preview":"max-image-preview:large","max-video-preview":"max-video-preview:-1"},"canonical":"https:\/\/www.opalineanimation.com\/Blog_Cie_Opaline\/sculpture-de-ballons\/","og_locale":"fr_FR","og_type":"article","og_title":"Sculpteur de ballons Metz et Luxembourg : La sculpture et les enfants","og_description":"Ballons en formes de grandes saucisses tournicot\u00e9es en tous sens ! Sculpture de ballons \u00e0 Metz et Luxembourg ! L'art de divertir les enfants.","og_url":"https:\/\/www.opalineanimation.com\/Blog_Cie_Opaline\/sculpture-de-ballons\/","og_site_name":"Cie Opaline CLOSE-UP, SPECTACLES ET SERVICES","article_publisher":"https:\/\/www.facebook.com\/pages\/Opaline-Animation\/255451761132872","article_modified_time":"2024-10-01T12:29:05+00:00","og_image":[{"url":"https:\/\/www.opalineanimation.com\/Blog_Cie_Opaline\/wp-content\/uploads\/Sculpture-de-ballons-200x300.jpg","type":"","width":"","height":""}],"twitter_misc":{"Dur\u00e9e de lecture estim\u00e9e":"4 minutes"},"schema":{"@context":"https:\/\/schema.org","@graph":[{"@type":"WebPage","@id":"https:\/\/www.opalineanimation.com\/Blog_Cie_Opaline\/sculpture-de-ballons\/","url":"https:\/\/www.opalineanimation.com\/Blog_Cie_Opaline\/sculpture-de-ballons\/","name":"Sculpteur de ballons Metz et Luxembourg : La sculpture et les enfants","isPartOf":{"@id":"https:\/\/www.opalineanimation.com\/Blog_Cie_Opaline\/#website"},"primaryImageOfPage":{"@id":"https:\/\/www.opalineanimation.com\/Blog_Cie_Opaline\/sculpture-de-ballons\/#primaryimage"},"image":{"@id":"https:\/\/www.opalineanimation.com\/Blog_Cie_Opaline\/sculpture-de-ballons\/#primaryimage"},"thumbnailUrl":"https:\/\/www.opalineanimation.com\/Blog_Cie_Opaline\/wp-content\/uploads\/Sculpture-de-ballons-200x300.jpg","datePublished":"2019-01-18T14:04:39+00:00","dateModified":"2024-10-01T12:29:05+00:00","description":"Ballons en formes de grandes saucisses tournicot\u00e9es en tous sens ! Sculpture de ballons \u00e0 Metz et Luxembourg ! L'art de divertir les enfants.","breadcrumb":{"@id":"https:\/\/www.opalineanimation.com\/Blog_Cie_Opaline\/sculpture-de-ballons\/#breadcrumb"},"inLanguage":"fr-FR","potentialAction":[{"@type":"ReadAction","target":["https:\/\/www.opalineanimation.com\/Blog_Cie_Opaline\/sculpture-de-ballons\/"]}]},{"@type":"ImageObject","inLanguage":"fr-FR","@id":"https:\/\/www.opalineanimation.com\/Blog_Cie_Opaline\/sculpture-de-ballons\/#primaryimage","url":"https:\/\/www.opalineanimation.com\/Blog_Cie_Opaline\/wp-content\/uploads\/Sculpture-de-ballons.jpg","contentUrl":"https:\/\/www.opalineanimation.com\/Blog_Cie_Opaline\/wp-content\/uploads\/Sculpture-de-ballons.jpg","width":1366,"height":2048,"caption":"sculpture de ballons lapin"},{"@type":"BreadcrumbList","@id":"https:\/\/www.opalineanimation.com\/Blog_Cie_Opaline\/sculpture-de-ballons\/#breadcrumb","itemListElement":[{"@type":"ListItem","position":1,"name":"Accueil","item":"https:\/\/www.opalineanimation.com\/Blog_Cie_Opaline\/"},{"@type":"ListItem","position":2,"name":"Sculpture de ballons ! Sculpteur sur ballons ?"}]},{"@type":"WebSite","@id":"https:\/\/www.opalineanimation.com\/Blog_Cie_Opaline\/#website","url":"https:\/\/www.opalineanimation.com\/Blog_Cie_Opaline\/","name":"Cie Opaline CLOSE-UP, SPECTACLES ET SERVICES","description":"Artistes du spectacle \u00e0 Metz, Nancy et Luxembourg","potentialAction":[{"@type":"SearchAction","target":{"@type":"EntryPoint","urlTemplate":"https:\/\/www.opalineanimation.com\/Blog_Cie_Opaline\/?s={search_term_string}"},"query-input":{"@type":"PropertyValueSpecification","valueRequired":true,"valueName":"search_term_string"}}],"inLanguage":"fr-FR"}]}},"_links":{"self":[{"href":"https:\/\/www.opalineanimation.com\/Blog_Cie_Opaline\/wp-json\/wp\/v2\/pages\/3324","targetHints":{"allow":["GET"]}}],"collection":[{"href":"https:\/\/www.opalineanimation.com\/Blog_Cie_Opaline\/wp-json\/wp\/v2\/pages"}],"about":[{"href":"https:\/\/www.opalineanimation.com\/Blog_Cie_Opaline\/wp-json\/wp\/v2\/types\/page"}],"author":[{"embeddable":true,"href":"https:\/\/www.opalineanimation.com\/Blog_Cie_Opaline\/wp-json\/wp\/v2\/users\/1"}],"replies":[{"embeddable":true,"href":"https:\/\/www.opalineanimation.com\/Blog_Cie_Opaline\/wp-json\/wp\/v2\/comments?post=3324"}],"version-history":[{"count":5,"href":"https:\/\/www.opalineanimation.com\/Blog_Cie_Opaline\/wp-json\/wp\/v2\/pages\/3324\/revisions"}],"predecessor-version":[{"id":5448,"href":"https:\/\/www.opalineanimation.com\/Blog_Cie_Opaline\/wp-json\/wp\/v2\/pages\/3324\/revisions\/5448"}],"wp:attachment":[{"href":"https:\/\/www.opalineanimation.com\/Blog_Cie_Opaline\/wp-json\/wp\/v2\/media?parent=3324"}],"curies":[{"name":"wp","href":"https:\/\/api.w.org\/{rel}","templated":true}]}}