{"id":2523,"date":"2018-12-03T21:34:05","date_gmt":"2018-12-03T19:34:05","guid":{"rendered":"https:\/\/www.opalineanimation.com\/Blog_Cie_Opaline\/?page_id=2523"},"modified":"2019-02-12T19:43:36","modified_gmt":"2019-02-12T17:43:36","slug":"caricaturiste-nancy","status":"publish","type":"page","link":"https:\/\/www.opalineanimation.com\/Blog_Cie_Opaline\/caricaturiste-nancy\/","title":{"rendered":"Un crayon, de l&rsquo;humour : L&rsquo;art de la caricature"},"content":{"rendered":"<h1 style=\"text-align: justify;\"><span style=\"color: #ff6600;\"><a href=\"https:\/\/www.cnrtl.fr\/definition\/caricaturiste\">Caricature<\/a> : Pour Betty tu poseras, sous son feutre-pinceau tu rena\u00eetras<\/span><\/h1>\n<p style=\"text-align: justify;\"><strong>Betty<\/strong> artiste dans l&rsquo;\u00e2me, \u00e0 toujours dessin\u00e9e.\u00a0Il \u00e9tait facile pour elle de croquer la vie, \u00e0 plus d&rsquo;un titre. L&rsquo;\u00e9tude de l&rsquo;art f\u00fbt une \u00e9vidence pour elle, ainsi elle int\u00e9gra l&rsquo;\u00e9cole d&rsquo;<strong>Arts Plastiques<\/strong>, et les Beaux-Arts de <strong>Nancy<\/strong>.<\/p>\n<p><img class=\"size-full wp-image-2536 aligncenter lws-optimize-lazyload\"  alt=\"\" width=\"651\" height=\"366\" \/ data-src=\"https:\/\/www.opalineanimation.com\/Blog_Cie_Opaline\/wp-content\/uploads\/2018\/12\/Caricaturiste-nancy.jpg\" srcset=\"https:\/\/www.opalineanimation.com\/Blog_Cie_Opaline\/wp-content\/uploads\/2018\/12\/Caricaturiste-nancy.jpg 651w, https:\/\/www.opalineanimation.com\/Blog_Cie_Opaline\/wp-content\/uploads\/2018\/12\/Caricaturiste-nancy-300x169.jpg 300w\" sizes=\"(max-width: 651px) 100vw, 651px\" \/><\/p>\n<p style=\"text-align: justify;\">Le parcours de l&rsquo;artiste est sinueux, et c&rsquo;est dans un premier temps, dans le corps m\u00e9dical qu&rsquo;elle y trouva son premier employeur, tout en pensant et en travaillant \u00e0 son premier amour qui f\u00fbt le dessin.<\/p>\n<p style=\"text-align: justify;\">Cette <strong>passion<\/strong> deviendra bien des ann\u00e9es plus tard<strong> un m\u00e9tier<\/strong>, r\u00e9alisant ses r\u00eaves de jeunesse en <a href=\"https:\/\/www.opalineanimation.com\/Blog_Cie_Opaline\/caricaturiste\/\"><strong>devenant caricaturiste<\/strong><\/a>.<\/p>\n<h2 style=\"text-align: justify;\"><span style=\"color: #333333;\">\u00a0<\/span><\/h2>\n<h2 style=\"text-align: justify;\"><span style=\"color: #333333;\"><img class=\"size-full wp-image-2594 alignleft lws-optimize-lazyload\"  alt=\"\" width=\"240\" height=\"362\" \/ data-src=\"https:\/\/www.opalineanimation.com\/Blog_Cie_Opaline\/wp-content\/uploads\/2018\/12\/Nancy-caricaturiste.jpg\" srcset=\"https:\/\/www.opalineanimation.com\/Blog_Cie_Opaline\/wp-content\/uploads\/2018\/12\/Nancy-caricaturiste.jpg 240w, https:\/\/www.opalineanimation.com\/Blog_Cie_Opaline\/wp-content\/uploads\/2018\/12\/Nancy-caricaturiste-199x300.jpg 199w\" sizes=\"(max-width: 240px) 100vw, 240px\" \/>\u00ab\u00a0<\/span><span style=\"color: #333333;\">Avec Betty vous aurez bonne mine\u00a0!\u00bb<\/span><\/h2>\n<p class=\"western\" style=\"text-align: justify;\">L&rsquo;art de la caricature, un v\u00e9ritable talent\u00a0: <strong>Sous son crayon na\u00eetra votre fid\u00e8le portrait.<\/strong><\/p>\n<p class=\"western\" style=\"text-align: justify;\">C&rsquo;est un exercice difficile, car l&rsquo;artiste vous tire le portrait en direct, le temps n\u00e9cessaire est de <strong>5 \u00e0 6 minutes <\/strong>par dessin.<\/p>\n<blockquote>\n<p class=\"western\" style=\"text-align: justify;\"><strong><span style=\"color: #ff6600;\">\u00ab\u00a0A coup de crayon bien veillant, un tantinet taquin\u00a0\u00bb<\/span><\/strong><\/p>\n<\/blockquote>\n<p class=\"western\" style=\"text-align: justify;\">La personne dessin\u00e9e conserve pr\u00e9cieusement l&rsquo;esquisse de son visage, interpr\u00e9t\u00e9 par Betty avec sensibilit\u00e9.<\/p>\n<p>La plume est pr\u00e9cise, le geste s\u00fbr, votre minois sera croqu\u00e9 dans l&rsquo;<strong>univers de la bande dessin\u00e9e.<\/strong><\/p>\n<h3 class=\"western\" style=\"text-align: center;\"><span style=\"color: #ff6600;\">\u00ab\u00a0A travers le prisme de la caricature, un savant dosage entre esth\u00e9tique r\u00e9aliste et satire bienveillante.\u00a0\u00bb<\/span><\/h3>\n<div style=\"width: 1140px;\" class=\"wp-video\"><video class=\"wp-video-shortcode\" id=\"video-2523-1\" width=\"1140\" height=\"641\" autoplay preload=\"metadata\" controls=\"controls\"><source type=\"video\/mp4\" src=\"https:\/\/www.opalineanimation.com\/Blog_Cie_Opaline\/wp-content\/uploads\/2018\/12\/Caricaturiste-Nancy.mp4?_=1\" \/><a href=\"https:\/\/www.opalineanimation.com\/Blog_Cie_Opaline\/wp-content\/uploads\/2018\/12\/Caricaturiste-Nancy.mp4\">https:\/\/www.opalineanimation.com\/Blog_Cie_Opaline\/wp-content\/uploads\/2018\/12\/Caricaturiste-Nancy.mp4<\/a><\/video><\/div>\n<h2 class=\"western\" style=\"text-align: justify;\"><span style=\"color: #333333;\">Conditions techniques et d\u00e9placements au d\u00e9part de Nancy<\/span><\/h2>\n<p class=\"western\" style=\"text-align: justify;\">Betty, usant semelle et crayon en sillonnant les<strong> routes du Grand-Est<\/strong>, en passant par la <strong>Belgique<\/strong> jusque chez nos voisins <strong>Suisse<\/strong>, 12 ann\u00e9es d&rsquo;exp\u00e9rience lui servant \u00e0 r\u00e9v\u00e9ler les traits de vos convives\u00a0!<\/p>\n<p class=\"western\" style=\"text-align: justify;\">La caricature une prestation pour toutes occasions, (mariage, anniversaire, repas d&rsquo;entreprise, gala\u2026). R\u00e9servez lui une place de choix.<\/p>\n<blockquote>\n<h2>La r\u00e9servation :<\/h2>\n<\/blockquote>\n<p style=\"text-align: justify;\">Vous pouvez \u00e9galement nous t\u00e9l\u00e9phoner, ou nous envoyer un mail (n&rsquo;oubliez pas de mettre votre num\u00e9ro de t\u00e9l\u00e9phone).<\/p>\n<figure id=\"attachment_140\" aria-describedby=\"caption-attachment-140\" style=\"width: 300px\" class=\"wp-caption alignleft\"><a href=\"https:\/\/www.opalineanimation.com\/Blog_Cie_Opaline\/wp-content\/uploads\/Cartes-Opaline-Animation.jpg\"><img class=\"wp-image-140 size-medium lws-optimize-lazyload\" title=\"Magicien Metz\"  alt=\"carte de Visite Opaline Animation\" width=\"300\" height=\"200\" \/ data-src=\"https:\/\/www.opalineanimation.com\/Blog_Cie_Opaline\/wp-content\/uploads\/Cartes-Opaline-Animation-300x200.jpg\" srcset=\"https:\/\/www.opalineanimation.com\/Blog_Cie_Opaline\/wp-content\/uploads\/Cartes-Opaline-Animation-300x200.jpg 300w, https:\/\/www.opalineanimation.com\/Blog_Cie_Opaline\/wp-content\/uploads\/Cartes-Opaline-Animation-1024x683.jpg 1024w, https:\/\/www.opalineanimation.com\/Blog_Cie_Opaline\/wp-content\/uploads\/Cartes-Opaline-Animation.jpg 1500w\" sizes=\"(max-width: 300px) 100vw, 300px\" \/><\/a><figcaption id=\"caption-attachment-140\" class=\"wp-caption-text\">Carte de visite Opaline Animation<\/figcaption><\/figure>\n<p style=\"text-align: justify;\"><a title=\"Mail Opaline Animation\" href=\"mailto:infos@opalineanimation.com\">infos@opalineanimation.com<\/a><\/p>\n<p style=\"text-align: justify;\"><span style=\"text-decoration: underline;\">Tel :<\/span> 06 13 36 96 42<\/p>\n<p style=\"text-align: justify;\">+33 6 13 36 96 42<\/p>\n<p style=\"text-align: justify;\"><a title=\"Opaline Animation\" href=\"https:\/\/www.opalineanimation.com\">www.opalineanimation.com<\/a><\/p>\n<p style=\"text-align: justify;\"><a href=\"https:\/\/www.opalineanimation.com\/Blog_Cie_Opaline\/magicien-spectacle-enfants-grimages-les-avis-d-opaline-animation\/\">Les avis, les photos, commentaires<\/a> d&rsquo;autres personnes qui nous ont fait confiance sur la page<a href=\"https:\/\/fr-fr.facebook.com\/OpalineAnimation\/\"> facebook ici\u00a0<\/a><\/p>\n<p style=\"text-align: justify;\">A tr\u00e8s bient\u00f4t !<\/p>\n<hr \/>\n<h3 style=\"text-align: left;\"><span style=\"color: #333333;\"><strong>Formulaire de contact, demande de devis, renseignements<\/strong><\/span><\/h3>\n<p class=\"wrapper style4 container\">\n<div class=\"wpcf7 no-js\" id=\"wpcf7-f325-o1\" lang=\"fr-FR\" dir=\"ltr\" data-wpcf7-id=\"325\">\n<div class=\"screen-reader-response\"><p role=\"status\" aria-live=\"polite\" aria-atomic=\"true\"><\/p> <ul><\/ul><\/div>\n<form action=\"\/Blog_Cie_Opaline\/wp-json\/wp\/v2\/pages\/2523#wpcf7-f325-o1\" method=\"post\" class=\"wpcf7-form init\" aria-label=\"Formulaire de contact\" novalidate=\"novalidate\" data-status=\"init\">\n<fieldset class=\"hidden-fields-container\"><input type=\"hidden\" name=\"_wpcf7\" value=\"325\" \/><input type=\"hidden\" name=\"_wpcf7_version\" value=\"6.1.5\" \/><input type=\"hidden\" name=\"_wpcf7_locale\" value=\"fr_FR\" \/><input type=\"hidden\" name=\"_wpcf7_unit_tag\" value=\"wpcf7-f325-o1\" \/><input type=\"hidden\" name=\"_wpcf7_container_post\" value=\"0\" \/><input type=\"hidden\" name=\"_wpcf7_posted_data_hash\" value=\"\" \/><input type=\"hidden\" name=\"_wpcf7_recaptcha_response\" value=\"\" \/>\n<\/fieldset>\n<p>Votre nom, pr\u00e9nom\n<\/p>\n<p><span class=\"wpcf7-form-control-wrap\" data-name=\"your-name\"><input size=\"40\" maxlength=\"400\" class=\"wpcf7-form-control wpcf7-text wpcf7-validates-as-required\" aria-required=\"true\" aria-invalid=\"false\" value=\"\" type=\"text\" name=\"your-name\" \/><\/span>\n<\/p>\n<p>T\u00e9l\u00e9phone\n<\/p>\n<p><span class=\"wpcf7-form-control-wrap\" data-name=\"tel-904\"><input size=\"40\" maxlength=\"400\" class=\"wpcf7-form-control wpcf7-tel wpcf7-text wpcf7-validates-as-tel Tlphone 2\" id=\"Tlphone1\" aria-invalid=\"false\" value=\"\" type=\"tel\" name=\"tel-904\" \/><\/span>\n<\/p>\n<p>E-mail\n<\/p>\n<p><span class=\"wpcf7-form-control-wrap\" data-name=\"your-email\"><input size=\"40\" maxlength=\"400\" class=\"wpcf7-form-control wpcf7-email wpcf7-validates-as-required wpcf7-text wpcf7-validates-as-email\" aria-required=\"true\" aria-invalid=\"false\" value=\"\" type=\"email\" name=\"your-email\" \/><\/span>\n<\/p>\n<p>Sujet\n<\/p>\n<p><span class=\"wpcf7-form-control-wrap\" data-name=\"your-subject\"><input size=\"40\" maxlength=\"400\" class=\"wpcf7-form-control wpcf7-text\" aria-invalid=\"false\" value=\"\" type=\"text\" name=\"your-subject\" \/><\/span>\n<\/p>\n<p>Votre message\n<\/p>\n<p><span class=\"wpcf7-form-control-wrap\" data-name=\"your-message\"><textarea cols=\"40\" rows=\"10\" maxlength=\"2000\" class=\"wpcf7-form-control wpcf7-textarea\" aria-invalid=\"false\" name=\"your-message\"><\/textarea><\/span>\n<\/p>\n<p><input class=\"wpcf7-form-control wpcf7-submit has-spinner\" type=\"submit\" value=\"Envoyer\" \/> Tous les champs sont obligatoires\n<\/p>\n<div class=\"wpcf7-response-output\" aria-hidden=\"true\"><\/div>\n<\/form>\n<\/div>\n<\/p>\n","protected":false},"excerpt":{"rendered":"<p>Caricature : Pour Betty tu poseras, sous son feutre-pinceau tu rena\u00eetras Betty artiste dans l&rsquo;\u00e2me, \u00e0 toujours dessin\u00e9e.\u00a0Il \u00e9tait facile pour elle de croquer la vie, \u00e0 plus d&rsquo;un titre. [&hellip;]<\/p>\n","protected":false},"author":1,"featured_media":0,"parent":0,"menu_order":0,"comment_status":"closed","ping_status":"closed","template":"","meta":{"footnotes":""},"class_list":["post-2523","page","type-page","status-publish","hentry"],"yoast_head":"<!-- This site is optimized with the Yoast SEO plugin v27.5 - https:\/\/yoast.com\/product\/yoast-seo-wordpress\/ -->\n<title>Caricaturiste \u00e0 Nancy : votre portait en caricature !<\/title>\n<meta name=\"description\" content=\"R\u00e9servez les services de Betty, caricaturiste professionnelle \u00e0 Nancy. Une animation formidable pour votre \u00e9v\u00e9nement, \u00e0 d\u00e9couvrir sur notre site.\" \/>\n<meta name=\"robots\" content=\"index, follow, max-snippet:-1, max-image-preview:large, max-video-preview:-1\" \/>\n<link rel=\"canonical\" href=\"https:\/\/www.opalineanimation.com\/Blog_Cie_Opaline\/caricaturiste-nancy\/\" \/>\n<meta property=\"og:locale\" content=\"fr_FR\" \/>\n<meta property=\"og:type\" content=\"article\" \/>\n<meta property=\"og:title\" content=\"Caricaturiste \u00e0 Nancy : votre portait en caricature !\" \/>\n<meta property=\"og:description\" content=\"R\u00e9servez les services de Betty, caricaturiste professionnelle \u00e0 Nancy. Une animation formidable pour votre \u00e9v\u00e9nement, \u00e0 d\u00e9couvrir sur notre site.\" \/>\n<meta property=\"og:url\" content=\"https:\/\/www.opalineanimation.com\/Blog_Cie_Opaline\/caricaturiste-nancy\/\" \/>\n<meta property=\"og:site_name\" content=\"Cie Opaline CLOSE-UP, SPECTACLES ET SERVICES\" \/>\n<meta property=\"article:publisher\" content=\"https:\/\/www.facebook.com\/pages\/Opaline-Animation\/255451761132872\" \/>\n<meta property=\"article:modified_time\" content=\"2019-02-12T17:43:36+00:00\" \/>\n<meta property=\"og:image\" content=\"https:\/\/www.opalineanimation.com\/Blog_Cie_Opaline\/wp-content\/uploads\/2018\/12\/Caricaturiste-nancy.jpg\" \/>\n<meta name=\"twitter:label1\" content=\"Dur\u00e9e de lecture estim\u00e9e\" \/>\n\t<meta name=\"twitter:data1\" content=\"2 minutes\" \/>\n<script type=\"application\/ld+json\" class=\"yoast-schema-graph\">{\"@context\":\"https:\\\/\\\/schema.org\",\"@graph\":[{\"@type\":\"WebPage\",\"@id\":\"https:\\\/\\\/www.opalineanimation.com\\\/Blog_Cie_Opaline\\\/caricaturiste-nancy\\\/\",\"url\":\"https:\\\/\\\/www.opalineanimation.com\\\/Blog_Cie_Opaline\\\/caricaturiste-nancy\\\/\",\"name\":\"Caricaturiste \u00e0 Nancy : votre portait en caricature !\",\"isPartOf\":{\"@id\":\"https:\\\/\\\/www.opalineanimation.com\\\/Blog_Cie_Opaline\\\/#website\"},\"primaryImageOfPage\":{\"@id\":\"https:\\\/\\\/www.opalineanimation.com\\\/Blog_Cie_Opaline\\\/caricaturiste-nancy\\\/#primaryimage\"},\"image\":{\"@id\":\"https:\\\/\\\/www.opalineanimation.com\\\/Blog_Cie_Opaline\\\/caricaturiste-nancy\\\/#primaryimage\"},\"thumbnailUrl\":\"https:\\\/\\\/www.opalineanimation.com\\\/Blog_Cie_Opaline\\\/wp-content\\\/uploads\\\/2018\\\/12\\\/Caricaturiste-nancy.jpg\",\"datePublished\":\"2018-12-03T19:34:05+00:00\",\"dateModified\":\"2019-02-12T17:43:36+00:00\",\"description\":\"R\u00e9servez les services de Betty, caricaturiste professionnelle \u00e0 Nancy. Une animation formidable pour votre \u00e9v\u00e9nement, \u00e0 d\u00e9couvrir sur notre site.\",\"breadcrumb\":{\"@id\":\"https:\\\/\\\/www.opalineanimation.com\\\/Blog_Cie_Opaline\\\/caricaturiste-nancy\\\/#breadcrumb\"},\"inLanguage\":\"fr-FR\",\"potentialAction\":[{\"@type\":\"ReadAction\",\"target\":[\"https:\\\/\\\/www.opalineanimation.com\\\/Blog_Cie_Opaline\\\/caricaturiste-nancy\\\/\"]}]},{\"@type\":\"ImageObject\",\"inLanguage\":\"fr-FR\",\"@id\":\"https:\\\/\\\/www.opalineanimation.com\\\/Blog_Cie_Opaline\\\/caricaturiste-nancy\\\/#primaryimage\",\"url\":\"https:\\\/\\\/www.opalineanimation.com\\\/Blog_Cie_Opaline\\\/wp-content\\\/uploads\\\/2018\\\/12\\\/Caricaturiste-nancy.jpg\",\"contentUrl\":\"https:\\\/\\\/www.opalineanimation.com\\\/Blog_Cie_Opaline\\\/wp-content\\\/uploads\\\/2018\\\/12\\\/Caricaturiste-nancy.jpg\",\"width\":651,\"height\":366,\"caption\":\"Caricaturiste \u00e0 Nancy avec ses mod\u00e8les du jour\"},{\"@type\":\"BreadcrumbList\",\"@id\":\"https:\\\/\\\/www.opalineanimation.com\\\/Blog_Cie_Opaline\\\/caricaturiste-nancy\\\/#breadcrumb\",\"itemListElement\":[{\"@type\":\"ListItem\",\"position\":1,\"name\":\"Accueil\",\"item\":\"https:\\\/\\\/www.opalineanimation.com\\\/Blog_Cie_Opaline\\\/\"},{\"@type\":\"ListItem\",\"position\":2,\"name\":\"Un crayon, de l&rsquo;humour : L&rsquo;art de la caricature\"}]},{\"@type\":\"WebSite\",\"@id\":\"https:\\\/\\\/www.opalineanimation.com\\\/Blog_Cie_Opaline\\\/#website\",\"url\":\"https:\\\/\\\/www.opalineanimation.com\\\/Blog_Cie_Opaline\\\/\",\"name\":\"Cie Opaline CLOSE-UP, SPECTACLES ET SERVICES\",\"description\":\"Artistes du spectacle \u00e0 Metz, Nancy et Luxembourg\",\"potentialAction\":[{\"@type\":\"SearchAction\",\"target\":{\"@type\":\"EntryPoint\",\"urlTemplate\":\"https:\\\/\\\/www.opalineanimation.com\\\/Blog_Cie_Opaline\\\/?s={search_term_string}\"},\"query-input\":{\"@type\":\"PropertyValueSpecification\",\"valueRequired\":true,\"valueName\":\"search_term_string\"}}],\"inLanguage\":\"fr-FR\"}]}<\/script>\n<!-- \/ Yoast SEO plugin. -->","yoast_head_json":{"title":"Caricaturiste \u00e0 Nancy : votre portait en caricature !","description":"R\u00e9servez les services de Betty, caricaturiste professionnelle \u00e0 Nancy. Une animation formidable pour votre \u00e9v\u00e9nement, \u00e0 d\u00e9couvrir sur notre site.","robots":{"index":"index","follow":"follow","max-snippet":"max-snippet:-1","max-image-preview":"max-image-preview:large","max-video-preview":"max-video-preview:-1"},"canonical":"https:\/\/www.opalineanimation.com\/Blog_Cie_Opaline\/caricaturiste-nancy\/","og_locale":"fr_FR","og_type":"article","og_title":"Caricaturiste \u00e0 Nancy : votre portait en caricature !","og_description":"R\u00e9servez les services de Betty, caricaturiste professionnelle \u00e0 Nancy. Une animation formidable pour votre \u00e9v\u00e9nement, \u00e0 d\u00e9couvrir sur notre site.","og_url":"https:\/\/www.opalineanimation.com\/Blog_Cie_Opaline\/caricaturiste-nancy\/","og_site_name":"Cie Opaline CLOSE-UP, SPECTACLES ET SERVICES","article_publisher":"https:\/\/www.facebook.com\/pages\/Opaline-Animation\/255451761132872","article_modified_time":"2019-02-12T17:43:36+00:00","og_image":[{"url":"https:\/\/www.opalineanimation.com\/Blog_Cie_Opaline\/wp-content\/uploads\/2018\/12\/Caricaturiste-nancy.jpg","type":"","width":"","height":""}],"twitter_misc":{"Dur\u00e9e de lecture estim\u00e9e":"2 minutes"},"schema":{"@context":"https:\/\/schema.org","@graph":[{"@type":"WebPage","@id":"https:\/\/www.opalineanimation.com\/Blog_Cie_Opaline\/caricaturiste-nancy\/","url":"https:\/\/www.opalineanimation.com\/Blog_Cie_Opaline\/caricaturiste-nancy\/","name":"Caricaturiste \u00e0 Nancy : votre portait en caricature !","isPartOf":{"@id":"https:\/\/www.opalineanimation.com\/Blog_Cie_Opaline\/#website"},"primaryImageOfPage":{"@id":"https:\/\/www.opalineanimation.com\/Blog_Cie_Opaline\/caricaturiste-nancy\/#primaryimage"},"image":{"@id":"https:\/\/www.opalineanimation.com\/Blog_Cie_Opaline\/caricaturiste-nancy\/#primaryimage"},"thumbnailUrl":"https:\/\/www.opalineanimation.com\/Blog_Cie_Opaline\/wp-content\/uploads\/2018\/12\/Caricaturiste-nancy.jpg","datePublished":"2018-12-03T19:34:05+00:00","dateModified":"2019-02-12T17:43:36+00:00","description":"R\u00e9servez les services de Betty, caricaturiste professionnelle \u00e0 Nancy. Une animation formidable pour votre \u00e9v\u00e9nement, \u00e0 d\u00e9couvrir sur notre site.","breadcrumb":{"@id":"https:\/\/www.opalineanimation.com\/Blog_Cie_Opaline\/caricaturiste-nancy\/#breadcrumb"},"inLanguage":"fr-FR","potentialAction":[{"@type":"ReadAction","target":["https:\/\/www.opalineanimation.com\/Blog_Cie_Opaline\/caricaturiste-nancy\/"]}]},{"@type":"ImageObject","inLanguage":"fr-FR","@id":"https:\/\/www.opalineanimation.com\/Blog_Cie_Opaline\/caricaturiste-nancy\/#primaryimage","url":"https:\/\/www.opalineanimation.com\/Blog_Cie_Opaline\/wp-content\/uploads\/2018\/12\/Caricaturiste-nancy.jpg","contentUrl":"https:\/\/www.opalineanimation.com\/Blog_Cie_Opaline\/wp-content\/uploads\/2018\/12\/Caricaturiste-nancy.jpg","width":651,"height":366,"caption":"Caricaturiste \u00e0 Nancy avec ses mod\u00e8les du jour"},{"@type":"BreadcrumbList","@id":"https:\/\/www.opalineanimation.com\/Blog_Cie_Opaline\/caricaturiste-nancy\/#breadcrumb","itemListElement":[{"@type":"ListItem","position":1,"name":"Accueil","item":"https:\/\/www.opalineanimation.com\/Blog_Cie_Opaline\/"},{"@type":"ListItem","position":2,"name":"Un crayon, de l&rsquo;humour : L&rsquo;art de la caricature"}]},{"@type":"WebSite","@id":"https:\/\/www.opalineanimation.com\/Blog_Cie_Opaline\/#website","url":"https:\/\/www.opalineanimation.com\/Blog_Cie_Opaline\/","name":"Cie Opaline CLOSE-UP, SPECTACLES ET SERVICES","description":"Artistes du spectacle \u00e0 Metz, Nancy et Luxembourg","potentialAction":[{"@type":"SearchAction","target":{"@type":"EntryPoint","urlTemplate":"https:\/\/www.opalineanimation.com\/Blog_Cie_Opaline\/?s={search_term_string}"},"query-input":{"@type":"PropertyValueSpecification","valueRequired":true,"valueName":"search_term_string"}}],"inLanguage":"fr-FR"}]}},"_links":{"self":[{"href":"https:\/\/www.opalineanimation.com\/Blog_Cie_Opaline\/wp-json\/wp\/v2\/pages\/2523","targetHints":{"allow":["GET"]}}],"collection":[{"href":"https:\/\/www.opalineanimation.com\/Blog_Cie_Opaline\/wp-json\/wp\/v2\/pages"}],"about":[{"href":"https:\/\/www.opalineanimation.com\/Blog_Cie_Opaline\/wp-json\/wp\/v2\/types\/page"}],"author":[{"embeddable":true,"href":"https:\/\/www.opalineanimation.com\/Blog_Cie_Opaline\/wp-json\/wp\/v2\/users\/1"}],"replies":[{"embeddable":true,"href":"https:\/\/www.opalineanimation.com\/Blog_Cie_Opaline\/wp-json\/wp\/v2\/comments?post=2523"}],"version-history":[{"count":65,"href":"https:\/\/www.opalineanimation.com\/Blog_Cie_Opaline\/wp-json\/wp\/v2\/pages\/2523\/revisions"}],"predecessor-version":[{"id":4027,"href":"https:\/\/www.opalineanimation.com\/Blog_Cie_Opaline\/wp-json\/wp\/v2\/pages\/2523\/revisions\/4027"}],"wp:attachment":[{"href":"https:\/\/www.opalineanimation.com\/Blog_Cie_Opaline\/wp-json\/wp\/v2\/media?parent=2523"}],"curies":[{"name":"wp","href":"https:\/\/api.w.org\/{rel}","templated":true}]}}